{"id":25327,"date":"2023-06-01T20:14:30","date_gmt":"2023-06-01T20:14:30","guid":{"rendered":"https:\/\/transportetyl.com\/?page_id=25327"},"modified":"2023-06-01T20:21:26","modified_gmt":"2023-06-01T20:21:26","slug":"elementor-25327","status":"publish","type":"page","link":"https:\/\/transportetyl.com\/index.php\/elementor-25327\/","title":{"rendered":"TRANSPORTE ESCOLAR"},"content":{"rendered":"\t\t<div data-elementor-type=\"wp-page\" data-elementor-id=\"25327\" class=\"elementor elementor-25327\">\n\t\t\t\t\t\t\t\t\t<section class=\"elementor-section elementor-top-section elementor-element elementor-element-qb1yvki elementor-section-content-middle elementor-section-boxed elementor-section-height-default elementor-section-height-default\" data-id=\"qb1yvki\" data-element_type=\"section\" data-settings=\"{&quot;background_background&quot;:&quot;classic&quot;}\">\n\t\t\t\t\t\t\t<div class=\"elementor-background-overlay\"><\/div>\n\t\t\t\t\t\t\t<div class=\"elementor-container elementor-column-gap-no\">\n\t\t\t\t\t<div class=\"elementor-column elementor-col-50 elementor-top-column elementor-element elementor-element-9247ec0\" data-id=\"9247ec0\" data-element_type=\"column\">\n\t\t\t<div class=\"elementor-widget-wrap elementor-element-populated\">\n\t\t\t\t\t\t\t\t<div class=\"elementor-element elementor-element-f003f55 elementor-widget elementor-widget-heading\" data-id=\"f003f55\" data-element_type=\"widget\" data-widget_type=\"heading.default\">\n\t\t\t\t<div class=\"elementor-widget-container\">\n\t\t\t<style>\/*! elementor - v3.13.3 - 28-05-2023 *\/\n.elementor-heading-title{padding:0;margin:0;line-height:1}.elementor-widget-heading .elementor-heading-title[class*=elementor-size-]>a{color:inherit;font-size:inherit;line-height:inherit}.elementor-widget-heading .elementor-heading-title.elementor-size-small{font-size:15px}.elementor-widget-heading .elementor-heading-title.elementor-size-medium{font-size:19px}.elementor-widget-heading .elementor-heading-title.elementor-size-large{font-size:29px}.elementor-widget-heading .elementor-heading-title.elementor-size-xl{font-size:39px}.elementor-widget-heading .elementor-heading-title.elementor-size-xxl{font-size:59px}<\/style><h2 class=\"elementor-heading-title elementor-size-default\">Transporte Escolar<\/h2>\t\t<\/div>\n\t\t\t\t<\/div>\n\t\t\t\t<div class=\"elementor-element elementor-element-aba5f59 elementor-widget elementor-widget-text-editor\" data-id=\"aba5f59\" data-element_type=\"widget\" data-widget_type=\"text-editor.default\">\n\t\t\t\t<div class=\"elementor-widget-container\">\n\t\t\t<style>\/*! elementor - v3.13.3 - 28-05-2023 *\/\n.elementor-widget-text-editor.elementor-drop-cap-view-stacked .elementor-drop-cap{background-color:#69727d;color:#fff}.elementor-widget-text-editor.elementor-drop-cap-view-framed .elementor-drop-cap{color:#69727d;border:3px solid;background-color:transparent}.elementor-widget-text-editor:not(.elementor-drop-cap-view-default) .elementor-drop-cap{margin-top:8px}.elementor-widget-text-editor:not(.elementor-drop-cap-view-default) .elementor-drop-cap-letter{width:1em;height:1em}.elementor-widget-text-editor .elementor-drop-cap{float:left;text-align:center;line-height:1;font-size:50px}.elementor-widget-text-editor .elementor-drop-cap-letter{display:inline-block}<\/style>\t\t\t\t<h5>En T&amp;L Cumplimos con todas las exigencias legales para la prestaci\u00f3n del servicio de transporte escolar, en donde contamos con un parque automotor renovado y un excelente equipo humano comprometido con brindar soluciones eficaces para la satisfacci\u00f3n de cada usuario<\/h5><h5><span style=\"color: var(--ast-global-color-2); font-size: 1rem; font-style: inherit;\">Les brindamos seguridad y confianza a estudiantes, padres y entidades educativas; ofrece informaci\u00f3n en tiempo real del veh\u00edculo que transporta a los estudiantes y la cual permite una comunicaci\u00f3n permanente entre todas las partes.<\/span><\/h5>\t\t\t\t\t\t<\/div>\n\t\t\t\t<\/div>\n\t\t\t\t\t<\/div>\n\t\t<\/div>\n\t\t\t\t<div class=\"elementor-column elementor-col-50 elementor-top-column elementor-element elementor-element-3bcc9c8\" data-id=\"3bcc9c8\" data-element_type=\"column\">\n\t\t\t<div class=\"elementor-widget-wrap elementor-element-populated\">\n\t\t\t\t\t\t\t\t<div class=\"elementor-element elementor-element-d2d69e7 elementor-widget elementor-widget-image\" data-id=\"d2d69e7\" data-element_type=\"widget\" data-widget_type=\"image.default\">\n\t\t\t\t<div class=\"elementor-widget-container\">\n\t\t\t<style>\/*! elementor - v3.13.3 - 28-05-2023 *\/\n.elementor-widget-image{text-align:center}.elementor-widget-image a{display:inline-block}.elementor-widget-image a img[src$=\".svg\"]{width:48px}.elementor-widget-image img{vertical-align:middle;display:inline-block}<\/style>\t\t\t\t\t\t\t\t\t\t\t\t<img loading=\"lazy\" decoding=\"async\" width=\"1280\" height=\"711\" src=\"https:\/\/transportetyl.com\/wp-content\/uploads\/2023\/05\/BUS-DIA-DEL-NINO2-1.png\" class=\"attachment-full size-full wp-image-25190\" alt=\"\" srcset=\"https:\/\/transportetyl.com\/wp-content\/uploads\/2023\/05\/BUS-DIA-DEL-NINO2-1.png 1280w, https:\/\/transportetyl.com\/wp-content\/uploads\/2023\/05\/BUS-DIA-DEL-NINO2-1-300x167.png 300w, https:\/\/transportetyl.com\/wp-content\/uploads\/2023\/05\/BUS-DIA-DEL-NINO2-1-1024x569.png 1024w, https:\/\/transportetyl.com\/wp-content\/uploads\/2023\/05\/BUS-DIA-DEL-NINO2-1-768x427.png 768w, https:\/\/transportetyl.com\/wp-content\/uploads\/2023\/05\/BUS-DIA-DEL-NINO2-1-600x333.png 600w\" sizes=\"auto, (max-width: 1280px) 100vw, 1280px\" \/>\t\t\t\t\t\t\t\t\t\t\t\t\t\t\t<\/div>\n\t\t\t\t<\/div>\n\t\t\t\t\t<\/div>\n\t\t<\/div>\n\t\t\t\t\t\t\t<\/div>\n\t\t<\/section>\n\t\t\t\t\t\t\t<\/div>\n\t\t","protected":false},"excerpt":{"rendered":"<p>Transporte Escolar En T&amp;L Cumplimos con todas las exigencias legales para la prestaci\u00f3n del servicio de transporte escolar, en donde contamos con un parque automotor renovado y un excelente equipo humano comprometido con brindar soluciones eficaces para la satisfacci\u00f3n de cada usuario Les brindamos seguridad y confianza a estudiantes, padres y entidades educativas; ofrece informaci\u00f3n [&hellip;]<\/p>\n","protected":false},"author":1,"featured_media":0,"parent":0,"menu_order":0,"comment_status":"closed","ping_status":"closed","template":"","meta":{"_uag_custom_page_level_css":"","site-sidebar-layout":"no-sidebar","site-content-layout":"page-builder","ast-site-content-layout":"default","site-content-style":"default","site-sidebar-style":"default","ast-global-header-display":"","ast-banner-title-visibility":"","ast-main-header-display":"","ast-hfb-above-header-display":"","ast-hfb-below-header-display":"","ast-hfb-mobile-header-display":"","site-post-title":"disabled","ast-breadcrumbs-content":"","ast-featured-img":"disabled","footer-sml-layout":"","theme-transparent-header-meta":"","adv-header-id-meta":"","stick-header-meta":"","header-above-stick-meta":"","header-main-stick-meta":"","header-below-stick-meta":"","astra-migrate-meta-layouts":"default","ast-page-background-enabled":"default","ast-page-background-meta":{"desktop":{"background-color":"","background-image":"","background-repeat":"repeat","background-position":"center center","background-size":"auto","background-attachment":"scroll","background-type":"","background-media":"","overlay-type":"","overlay-color":"","overlay-opacity":"","overlay-gradient":""},"tablet":{"background-color":"","background-image":"","background-repeat":"repeat","background-position":"center center","background-size":"auto","background-attachment":"scroll","background-type":"","background-media":"","overlay-type":"","overlay-color":"","overlay-opacity":"","overlay-gradient":""},"mobile":{"background-color":"","background-image":"","background-repeat":"repeat","background-position":"center center","background-size":"auto","background-attachment":"scroll","background-type":"","background-media":"","overlay-type":"","overlay-color":"","overlay-opacity":"","overlay-gradient":""}},"ast-content-background-meta":{"desktop":{"background-color":"var(--ast-global-color-5)","background-image":"","background-repeat":"repeat","background-position":"center center","background-size":"auto","background-attachment":"scroll","background-type":"","background-media":"","overlay-type":"","overlay-color":"","overlay-opacity":"","overlay-gradient":""},"tablet":{"background-color":"var(--ast-global-color-5)","background-image":"","background-repeat":"repeat","background-position":"center center","background-size":"auto","background-attachment":"scroll","background-type":"","background-media":"","overlay-type":"","overlay-color":"","overlay-opacity":"","overlay-gradient":""},"mobile":{"background-color":"var(--ast-global-color-5)","background-image":"","background-repeat":"repeat","background-position":"center center","background-size":"auto","background-attachment":"scroll","background-type":"","background-media":"","overlay-type":"","overlay-color":"","overlay-opacity":"","overlay-gradient":""}},"footnotes":""},"class_list":["post-25327","page","type-page","status-publish","hentry"],"uagb_featured_image_src":{"full":false,"thumbnail":false,"medium":false,"medium_large":false,"large":false,"1536x1536":false,"2048x2048":false,"woocommerce_thumbnail":false,"woocommerce_single":false,"woocommerce_gallery_thumbnail":false},"uagb_author_info":{"display_name":"transportetlservices","author_link":"https:\/\/transportetyl.com\/index.php\/author\/transportetlservices\/"},"uagb_comment_info":0,"uagb_excerpt":"Transporte Escolar En T&amp;L Cumplimos con todas las exigencias legales para la prestaci\u00f3n del servicio de transporte escolar, en donde contamos con un parque automotor renovado y un excelente equipo humano comprometido con brindar soluciones eficaces para la satisfacci\u00f3n de cada usuario Les brindamos seguridad y confianza a estudiantes, padres y entidades educativas; ofrece informaci\u00f3n&hellip;","_links":{"self":[{"href":"https:\/\/transportetyl.com\/index.php\/wp-json\/wp\/v2\/pages\/25327","targetHints":{"allow":["GET"]}}],"collection":[{"href":"https:\/\/transportetyl.com\/index.php\/wp-json\/wp\/v2\/pages"}],"about":[{"href":"https:\/\/transportetyl.com\/index.php\/wp-json\/wp\/v2\/types\/page"}],"author":[{"embeddable":true,"href":"https:\/\/transportetyl.com\/index.php\/wp-json\/wp\/v2\/users\/1"}],"replies":[{"embeddable":true,"href":"https:\/\/transportetyl.com\/index.php\/wp-json\/wp\/v2\/comments?post=25327"}],"version-history":[{"count":5,"href":"https:\/\/transportetyl.com\/index.php\/wp-json\/wp\/v2\/pages\/25327\/revisions"}],"predecessor-version":[{"id":25336,"href":"https:\/\/transportetyl.com\/index.php\/wp-json\/wp\/v2\/pages\/25327\/revisions\/25336"}],"wp:attachment":[{"href":"https:\/\/transportetyl.com\/index.php\/wp-json\/wp\/v2\/media?parent=25327"}],"curies":[{"name":"wp","href":"https:\/\/api.w.org\/{rel}","templated":true}]}}

<div data-elementor-type="wp-page" data-elementor-id="25327" class="elementor elementor-25327">
									<section class="elementor-section elementor-top-section elementor-element elementor-element-qb1yvki elementor-section-content-middle elementor-section-boxed elementor-section-height-default elementor-section-height-default" data-id="qb1yvki" data-element_type="section" data-settings="{&quot;background_background&quot;:&quot;classic&quot;}">
							<div class="elementor-background-overlay"></div>
							<div class="elementor-container elementor-column-gap-no">
					<div class="elementor-column elementor-col-50 elementor-top-column elementor-element elementor-element-9247ec0" data-id="9247ec0" data-element_type="column">
			<div class="elementor-widget-wrap elementor-element-populated">
								<div class="elementor-element elementor-element-f003f55 elementor-widget elementor-widget-heading" data-id="f003f55" data-element_type="widget" data-widget_type="heading.default">
				<div class="elementor-widget-container">
			<style>/*! elementor - v3.13.3 - 28-05-2023 */
.elementor-heading-title{padding:0;margin:0;line-height:1}.elementor-widget-heading .elementor-heading-title[class*=elementor-size-]>a{color:inherit;font-size:inherit;line-height:inherit}.elementor-widget-heading .elementor-heading-title.elementor-size-small{font-size:15px}.elementor-widget-heading .elementor-heading-title.elementor-size-medium{font-size:19px}.elementor-widget-heading .elementor-heading-title.elementor-size-large{font-size:29px}.elementor-widget-heading .elementor-heading-title.elementor-size-xl{font-size:39px}.elementor-widget-heading .elementor-heading-title.elementor-size-xxl{font-size:59px}</style><h2 class="elementor-heading-title elementor-size-default">Transporte Escolar</h2>		</div>
				</div>
				<div class="elementor-element elementor-element-aba5f59 elementor-widget elementor-widget-text-editor" data-id="aba5f59" data-element_type="widget" data-widget_type="text-editor.default">
				<div class="elementor-widget-container">
			<style>/*! elementor - v3.13.3 - 28-05-2023 */
.elementor-widget-text-editor.elementor-drop-cap-view-stacked .elementor-drop-cap{background-color:#69727d;color:#fff}.elementor-widget-text-editor.elementor-drop-cap-view-framed .elementor-drop-cap{color:#69727d;border:3px solid;background-color:transparent}.elementor-widget-text-editor:not(.elementor-drop-cap-view-default) .elementor-drop-cap{margin-top:8px}.elementor-widget-text-editor:not(.elementor-drop-cap-view-default) .elementor-drop-cap-letter{width:1em;height:1em}.elementor-widget-text-editor .elementor-drop-cap{float:left;text-align:center;line-height:1;font-size:50px}.elementor-widget-text-editor .elementor-drop-cap-letter{display:inline-block}</style>				<h5>En T&amp;L Cumplimos con todas las exigencias legales para la prestación del servicio de transporte escolar, en donde contamos con un parque automotor renovado y un excelente equipo humano comprometido con brindar soluciones eficaces para la satisfacción de cada usuario</h5><h5><span style="color: var(--ast-global-color-2); font-size: 1rem; font-style: inherit;">Les brindamos seguridad y confianza a estudiantes, padres y entidades educativas; ofrece información en tiempo real del vehículo que transporta a los estudiantes y la cual permite una comunicación permanente entre todas las partes.</span></h5>						</div>
				</div>
					</div>
		</div>
				<div class="elementor-column elementor-col-50 elementor-top-column elementor-element elementor-element-3bcc9c8" data-id="3bcc9c8" data-element_type="column">
			<div class="elementor-widget-wrap elementor-element-populated">
								<div class="elementor-element elementor-element-d2d69e7 elementor-widget elementor-widget-image" data-id="d2d69e7" data-element_type="widget" data-widget_type="image.default">
				<div class="elementor-widget-container">
			<style>/*! elementor - v3.13.3 - 28-05-2023 */
.elementor-widget-image{text-align:center}.elementor-widget-image a{display:inline-block}.elementor-widget-image a img[src$=".svg"]{width:48px}.elementor-widget-image img{vertical-align:middle;display:inline-block}</style>												<img loading="lazy" decoding="async" width="1280" height="711" src="https://transportetyl.com/wp-content/uploads/2023/05/BUS-DIA-DEL-NINO2-1.png" class="attachment-full size-full wp-image-25190" alt="" srcset="https://transportetyl.com/wp-content/uploads/2023/05/BUS-DIA-DEL-NINO2-1.png 1280w, https://transportetyl.com/wp-content/uploads/2023/05/BUS-DIA-DEL-NINO2-1-300x167.png 300w, https://transportetyl.com/wp-content/uploads/2023/05/BUS-DIA-DEL-NINO2-1-1024x569.png 1024w, https://transportetyl.com/wp-content/uploads/2023/05/BUS-DIA-DEL-NINO2-1-768x427.png 768w, https://transportetyl.com/wp-content/uploads/2023/05/BUS-DIA-DEL-NINO2-1-600x333.png 600w" sizes="auto, (max-width: 1280px) 100vw, 1280px" />															</div>
				</div>
					</div>
		</div>
							</div>
		</section>
							</div>

<p>Transporte Escolar En T&amp;L Cumplimos con todas las exigencias legales para la prestación del servicio de transporte escolar, en donde contamos con un parque automotor renovado y un excelente equipo humano comprometido con brindar soluciones eficaces para la satisfacción de cada usuario Les brindamos seguridad y confianza a estudiantes, padres y entidades educativas; ofrece información [&hellip;]</p>

Transporte Escolar En T&amp;L Cumplimos con todas las exigencias legales para la prestación del servicio de transporte escolar, en donde contamos con un parque automotor renovado y un excelente equipo humano comprometido con brindar soluciones eficaces para la satisfacción de cada usuario Les brindamos seguridad y confianza a estudiantes, padres y entidades educativas; ofrece información&hellip;
